omposite number?
False
Is 202340933 a prime number?
False
Is 20434785083 prime?
False
Is 3192195793 a prime number?
False
Is 3657246547 a composite number?
True
Is 2689181213 a composite number?
False
Is 27236582519 prime?
False
Is 866583983 a prime number?
True
Is 13398415103 a prime number?
True
Is 255377789137 a composite number?
False
Is 209402449 a prime number?
True
Is 1279322873 a prime number?
False
Is 2576186159 a composite number?
False
Is 1646264661 a composite number?
True
Is 19798160527 a composite number?
True
Is 1844374123 composite?
True
Is 2302987433 composite?
True
Is 420637391 a prime number?
False
Is 130183436831 composite?
True
Is 39937884533 a composite number?
True
Is 1422153059 a prime number?
False
Is 1166600593 prime?
False
Is 314959984007 composite?
False
Is 1068992591 a prime number?
True
Is 24185987515 composite?
True
Is 467081794 a composite number?
True
Is 406852207 a prime number?
False
Is 13116335693 a prime number?
False
Is 960049897 a composite number?
True
Is 94808442083 a prime number?
False
Is 12015315379 composite?
True
Is 40521784727 prime?
False
Is 368735429 a composite number?
False
Is 70577364779 a composite number?
True
Is 13546587371 a composite number?
True
Is 121786969 prime?
True
Is 27547874099 prime?
False
Is 3920925739 prime?
True
Is 3878932511 a prime number?
True
Is 22595685545 a prime number?
False
Is 132065251 prime?
False
Is 8015359871 prime?
True
Is 4887245653 composite?
False
Is 13341370997 prime?
False
Is 100890369017 a prime number?
True
Is 75165001 composite?
True
Is 25524267859 prime?
True
Is 76808219 a prime number?
False
Is 217128193 composite?
False
Is 98313876799 composite?
True
Is 1900635337 composite?
True
Is 288978799 composite?
False
Is 35757369937 a composite number?
False
Is 1011883393 a prime number?
True
Is 19946436157 composite?
False
Is 1698159271 a prime number?
False
Is 15190325515 a prime number?
False
Is 33088334783 a composite number?
True
Is 17149618561 composite?
False
Is 350497787 prime?
True
Is 21632196493 composite?
False
Is 6880176961 prime?
False
Is 926025901 a composite number?
False
Is 2197319263 a composite number?
True
Is 2742888791 prime?
False
Is 12738705487 composite?
False
Is 6026333471 a composite number?
False
Is 274324478191 composite?
False
Is 2761121491 composite?
True
Is 1009196527 a composite number?
False
Is 34902260413 prime?
True
Is 159805469 a composite number?
False
Is 69239537 a composite number?
False
Is 785364029 a prime number?
True
Is 11672291 a prime number?
False
Is 55601034361 a prime number?
True
Is 361015673 composite?
False
Is 12595278323 composite?
False
Is 79439754271 a composite number?
False
Is 1096219367 a composite number?
False
Is 29774407307 prime?
False
Is 51562428053 composite?
True
Is 236139269 a prime number?
True
Is 988900381 composite?
True
Is 2846617549 composite?
False
Is 10892273783 prime?
False
Is 281440169 a prime number?
True
Is 10898623 prime?
False
Is 25376025211 prime?
False
Is 1691949029 a prime number?
True
Is 17735179279 a composite number?
False
Is 1410899137 a prime number?
True
Is 1792933859 a prime number?
True
Is 3080176933 prime?
False
Is 34471426519 composite?
False
Is 870135713 prime?
False
Is 742966897 prime?
False
Is 78174526411 prime?
True
Is 754043363 prime?
False
Is 5282382401 composite?
True
Is 312374281 a composite number?
False
Is 9971540743 a prime number?
False
Is 81944843 prime?
False
Is 100796893619 a composite number?
False
Is 3472940813 a composite number?
True
Is 4276917521 a prime number?
False
Is 453760009 composite?
False
Is 364944257 a composite number?
False
Is 17602979 a composite number?
False
Is 1420501337 a composite number?
False
Is 43918936267 prime?
True
Is 783975743 a composite number?
False
Is 2177814721 a prime number?
True
Is 37097211449 a prime number?
True
Is 14653239673 a composite number?
False
Is 15361070177 prime?
False
Is 6778192583 a prime number?
True
Is 57095300591 prime?
False
Is 77862049633 composite?
False
Is 8042813551 prime?
True
Is 604788217 composite?
True
Is 21630216877 a prime number?
True
Is 231854639 a prime number?
False
Is 109885354 a composite number?
True
Is 1251734567 composite?
False
Is 1896901019 composite?
True
Is 7068966629 a prime number?
False
Is 9556302829 prime?
True
Is 322806119 composite?
True
Is 1370271299 a prime number?
False
Is 9215833997 a prime number?
False
Is 168148811 composite?
False
Is 113944037 prime?
True
Is 6712691 composite?
True
Is 141924989 prime?
True
Is 394281581 a composite number?
False
Is 304860503 prime?
True
Is 1816434059 composite?
True
Is 334871749 composite?
False
Is 613289317 composite?
True
Is 3955706945 prime?
False
Is 394061287 composite?
False
Is 671547731 composite?
False
Is 26200501 prime?
True
Is 7601212387 composite?
True
Is 281078177 composite?
False
Is 6982488133 prime?
True
Is 678614581 prime?
True
Is 2880041309 a prime number?
False
Is 876820367 a prime number?
False
Is 64941277 composite?
True
Is 2166461267 prime?
True
Is 1220465291 a composite number?
True
Is 57055150689 prime?
False
Is 4838275811 a prime number?
False
Is 2623853861 prime?
False
Is 4489270103 prime?
True
Is 595498567 composite?
False
Is 4861574369 a prime number?
True
Is 56713978911 a prime number?
False
Is 541328209 a prime number?
True
Is 431638547 composite?
True
Is 41067594185 prime?
False
Is 81622283303 composite?
True
Is 48566722783 composite?
False
Is 1912079563 a composite number?
True
Is 1592030329 composite?
True
Is 10627038259 prime?
False
Is 244917746 a composite number?
True
Is 779845109 a prime number?
True
Is 18345673501 prime?
True
Is 24452569303 composite?
False
Is 11064192449 composite?
True
Is 7905342617 prime?
True
Is 15173756387 prime?
False
Is 2093535179 a prime number?
True
Is 230342748233 a composite number?
True
Is 114972109529 prime?
False
Is 9536113481 a composite number?
True
Is 1325873189 prime?
True
Is 43724753362 a composite number?
True
Is 3027187753 a prime number?
False
Is 517616545 prime?
False
Is 68098264303 prime?
True
Is 6717181573 a prime number?
True
Is 253717489 a prime number?
False
Is 1508273387 prime?
False
Is 189789857519 composite?
True
Is 1497330013 composite?
True
Is 3444616907 a prime number?
True
Is 895128307 prime?
True
Is 37675006 a composite number?
True
Is 148572804439 prime?
True
Is 6904792421 a prime number?
True
Is 9147905467 a prime number?
True
Is 7734176003 prime?
True
Is 52034955371 a prime number?
False
Is 2262355063 a prime number?
True
Is 13376660197 prime?
True
Is 364532411 a prime number?
False
Is 45455752481 prime?
False
Is 2618139283 composite?
True
Is 1434634189 a prime number?
False
Is 45219893 a prime number?
True
Is 200449859 prime?
True
Is 18745581823 a prime number?
False
Is 14404670311 a prime number?
True
Is 5344581857 prime?
True
Is 594864299 a composite number?
False
Is 417452863 composite?
False
Is 1399779707 composite?
False
Is 65237910553 composite?
False
Is 1205083595 composite?
True
Is 2607764461 a prime number?
True
Is 11375524861 prime?
False
Is 28936719367 a composite number?
False
Is 13783201019 a prime number?
False
Is 3801553009 a composite number?
False
Is 9254785511 composite?
False
Is 14919035951 prime?
False
Is 4173808427 prime?
True
Is 22977819797 prime?
False
Is 40840286093 a prime number?
False
Is 4084932211 composite?
False
Is 782641 a composite number?
False
Is 380117011 a prime number?
True
Is 9758345027 composite?
False
Is 3031042193 composite?
False
Is 68022683 a prime number?
True
Is 3597740129 composite?
False
Is 704851397 a prime number?
False
Is 9847752923 composite?
True
Is 553756294915 prime?
False
Is 494075161 prime?
False
Is 43177637039 a composite number?
True
Is 69996084703 prime?
False
Is 748001809 a prime number?
True
Is 3567910061 prime?
False
Is 1937771947 a composite number?
False
Is 11294654713 composite?
False
Is 14917465253 composite?
False
Is 29314780343 a prime number?
False
Is 7195177271 prime?
True
Is 288757643 a composite number?
False
Is 96535820417 a prime number?
True
Is 128660999 a composite number?
False
Is 5371587805 prime?
False
Is 795944651 a prime number?
True
Is 359586443 prime?
True
Is 1539025541 a composite number?
False
Is 55647487303 a prime number?
True
Is 56739534419 a prime num